{"id":74198,"date":"2023-08-28T10:38:48","date_gmt":"2023-08-28T10:38:48","guid":{"rendered":"https:\/\/www.intelliclass.pl\/?page_id=74198"},"modified":"2023-10-04T09:18:21","modified_gmt":"2023-10-04T09:18:21","slug":"jestesmy-eko","status":"publish","type":"page","link":"https:\/\/www.intelliclass.pl\/?page_id=74198&lang=pl","title":{"rendered":""},"content":{"rendered":"\n<div class=\"content-wrapper\">\n\t<div  data-stellar-background-ratio=\"0.5\" class=\"entry-header has-bg\" style=\"background-image: url('https:\/\/serwer2024586.home.pl\/intelliclass2\/wp-content\/uploads\/2015\/10\/kropek_bialy.jpg')\">\n\t\t<div class=\"container\">\n\t\t\t<h1 class=\"entry-title\" itemprop=\"headline\" style=\"margin-left: -11px;\">\n\t\t\t\t<span>Jeste\u015bmy<\/span> EKO\n\t\t\t<\/h1>\n\t\t<\/div>\n\t<\/div>\n<\/div>\n\n\n<p>W dzisiejszych czasach dba\u0142o\u015b\u0107 o \u015brodowisko staje si\u0119 nie tylko mod\u0105, ale przede wszystkim konieczno\u015bci\u0105. Chcemy pokaza\u0107 Wam, jak nasza firma przyczynia si\u0119 do ochrony naszej planety, stawiaj\u0105c na ekologiczne rozwi\u0105zania w codziennych dzia\u0142aniach. Z dum\u0105 prezentujemy najwa\u017cniejsze z nich:<\/p>\n\n\n<p>Wsp\u00f3\u0142czesny \u015bwiat boryka si\u0119 z wieloma wyzwaniami zwi\u0105zanymi z nadprodukcj\u0105 odpad\u00f3w. Jednym z kluczowych rozwi\u0105za\u0144, kt\u00f3re mog\u0105 pom\u00f3c w przezwyci\u0119\u017ceniu tego problemu, jest w\u0142a\u015bnie sortowanie \u015bmieci. Cho\u0107 na pierwszy rzut oka mo\u017ce si\u0119 wydawa\u0107, \u017ce jest to dzia\u0142anie proste i niewiele znacz\u0105ce, jego skutki maj\u0105 ogromne znaczenie dla zdrowia naszej planety.<\/p>\n\n\n\n<p><strong>Ochrona zasob\u00f3w naturalnych:<\/strong> Wiele materia\u0142\u00f3w, kt\u00f3re wyrzucamy, mo\u017ce by\u0107 ponownie wykorzystane. Na przyk\u0142ad segreguj\u0105c plastik, przyczyniamy si\u0119 do tego, \u017ce nie b\u0119dzie potrzeby produkowa\u0107 nowego z ropy naftowej. Tak samo jest z papierem \u2013 ka\u017cda tona zrecyklingowanego papieru oznacza oszcz\u0119dno\u015b\u0107 17 drzew.<\/p>\n\n\n\n<p><strong>Oszcz\u0119dno\u015b\u0107 energii:<\/strong> Recykling materia\u0142\u00f3w wymaga zazwyczaj znacznie mniej energii ni\u017c produkcja od podstaw. Na przyk\u0142ad przetworzenie zrecyklingowanego aluminium zu\u017cywa o 95% mniej energii ni\u017c wytwarzanie go z surowca.<\/p>\n\n\n\n<p><strong>Mniejsza ilo\u015b\u0107 odpad\u00f3w na sk\u0142adowiskach:<\/strong> Sk\u0142adowiska s\u0105 nie tylko brzydkie, ale mog\u0105 by\u0107 tak\u017ce \u017ar\u00f3d\u0142em szkodliwych emisji, kt\u00f3re zanieczyszczaj\u0105 powietrze, wod\u0119 i gleb\u0119. Odpowiednia segregacja mo\u017ce znacz\u0105co zmniejszy\u0107 ilo\u015b\u0107 \u015bmieci, kt\u00f3re tam trafiaj\u0105.<\/p>\n\n\n\n<p><strong>Promowanie odpowiedzialno\u015bci spo\u0142ecznej:<\/strong> Gdy ludzie widz\u0105, \u017ce firmy i instytucje dbaj\u0105 o odpowiednie sortowanie odpad\u00f3w, mog\u0105 by\u0107 bardziej sk\u0142onni do na\u015bladowania tych praktyk w swoim domu. W ten spos\u00f3b kultura recyklingu jest promowana na r\u00f3\u017cnych poziomach spo\u0142ecze\u0144stwa.<\/p>\n\n\n\n<p>W naszej firmie zdajemy sobie spraw\u0119, \u017ce odpowiedzialno\u015b\u0107 za \u015brodowisko zaczyna si\u0119 od nas samych. Przywi\u0105zuj\u0105c wag\u0119 do tak &#8222;prozaicznej&#8221; czynno\u015bci, jak sortowanie \u015bmieci, chcemy pokaza\u0107, \u017ce ka\u017cde dzia\u0142anie ma znaczenie. W\u0142a\u015bnie dlatego zach\u0119camy ka\u017cdego do podj\u0119cia tej ma\u0142ej, ale wa\u017cnej inicjatywy. Pami\u0119tajmy, \u017ce ka\u017cdy z nas ma wp\u0142yw na przysz\u0142o\u015b\u0107 naszej planety, a ma\u0142e kroki, podejmowane konsekwentnie, mog\u0105 prowadzi\u0107 do wielkich zmian.<\/p>\n\n\n\n<p class=\"has-medium-font-size\"><strong>Tworzymy aplikacje pozwalaj\u0105ce oszcz\u0119dza\u0107 papier<\/strong><\/p>\n\n\n\n<p>W epoce cyfryzacji oraz szybkiego post\u0119pu technologicznego, konieczno\u015b\u0107 przechowywania informacji w formie papierowej staje si\u0119 coraz mniej uzasadniona. Jednak\u017ce wiele firm i instytucji nadal pozostaje przy tradycyjnych, papierowych rozwi\u0105zaniach, kt\u00f3re nios\u0105 ze sob\u0105 nie tylko niewygody w zarz\u0105dzaniu dokumentacj\u0105, ale tak\u017ce maj\u0105 negatywny wp\u0142yw na \u015brodowisko. My postanowili\u015bmy to zmieni\u0107.<\/p>\n\n\n\n<p><strong>Ochrona las\u00f3w:<\/strong> Ka\u017cdego roku wycinane s\u0105 setki tysi\u0119cy hektar\u00f3w las\u00f3w na potrzeby produkcji papieru. Lasy pe\u0142ni\u0105 kluczow\u0105 rol\u0119 w utrzymaniu r\u00f3wnowagi ekosystemu, zapewniaj\u0105c schronienie dla wielu gatunk\u00f3w oraz pe\u0142ni\u0105c funkcj\u0119 &#8222;p\u0142uc Ziemi&#8221;. Dzi\u0119ki naszym aplikacjom, liczba drzew przeznaczonych do wycinki mo\u017ce by\u0107 znacz\u0105co zredukowana.<\/p>\n\n\n\n<p><strong>Redukcja emisji CO2:<\/strong> Proces produkcji papieru nie tylko wymaga wycinki drzew, ale tak\u017ce jest energoch\u0142onny, co przek\u0142ada si\u0119 na znacz\u0105ce emisje dwutlenku w\u0119gla. U\u017cywaj\u0105c naszych aplikacji, nie tylko chronisz drzewa, ale tak\u017ce przyczyniasz si\u0119 do zmniejszenia globalnej emisji gaz\u00f3w cieplarnianych.<\/p>\n\n\n\n<p><strong>Efektywno\u015b\u0107 i dost\u0119pno\u015b\u0107 informacji:<\/strong> Nasze aplikacje nie tylko s\u0105 przyjazne dla \u015brodowiska, ale r\u00f3wnie\u017c u\u0142atwiaj\u0105 zarz\u0105dzanie danymi i dost\u0119p do nich. Cyfrowa forma przechowywania informacji jest znacznie bardziej trwa\u0142a, \u0142atwiejsza w archiwizacji i szybsza w wyszukiwaniu potrzebnych danych.<\/p>\n\n\n\n<p><strong>Mniejsze zu\u017cycie innych zasob\u00f3w:<\/strong> Oszcz\u0119dzanie papieru to nie tylko ochrona drzew. To tak\u017ce mniejsze zu\u017cycie wody i chemikali\u00f3w potrzebnych do produkcji papieru oraz redukcja odpad\u00f3w w postaci zu\u017cytych toner\u00f3w i kartrid\u017cy.<\/p>\n\n\n\n<p>Stawiaj\u0105c na innowacje, chcemy nie tylko zaoferowa\u0107 naszym klientom nowoczesne narz\u0119dzia, kt\u00f3re usprawni\u0105 ich prac\u0119, ale r\u00f3wnie\u017c przyczyni\u0107 si\u0119 do ochrony naszej planety. Wierzymy, \u017ce technologia mo\u017ce i\u015b\u0107 w parze z ekologi\u0105. Nasze aplikacje s\u0105 tego najlepszym dowodem. Zach\u0119camy do korzystania z nowych rozwi\u0105za\u0144, kt\u00f3re nie tylko usprawni\u0105 Twoj\u0105 codzienn\u0105 prac\u0119, ale tak\u017ce przynios\u0105 korzy\u015b\u0107 dla ca\u0142ego \u015brodowiska.<\/p>\n\n\n\n<p>W dzisiejszych czasach, kiedy technologia oferuje nam wiele alternatyw dla tradycyjnych metod przechowywania i udost\u0119pniania informacji, nadmierne korzystanie z papieru i drukarki wydaje si\u0119 nie tylko niepraktyczne, ale tak\u017ce nieodpowiedzialne ekologicznie. Nasze zaanga\u017cowanie w zmniejszenie zu\u017cycia papieru i tonera jest zar\u00f3wno krokiem w kierunku zr\u00f3wnowa\u017conej przysz\u0142o\u015bci, jak i odej\u015bciem od przestarza\u0142ych praktyk biurowych.<\/p>\n\n\n\n<p><strong>Oszcz\u0119dno\u015b\u0107 zasob\u00f3w naturalnych:<\/strong> Jak wcze\u015bniej wspomniano, produkcja papieru prowadzi do wycinki las\u00f3w. Ale to nie wszystko. Produkcja toner\u00f3w i tusz\u00f3w do drukarek tak\u017ce wi\u0105\u017ce si\u0119 z u\u017cyciem surowc\u00f3w naturalnych, kt\u00f3re w wielu przypadkach nie s\u0105 odnawialne.<\/p>\n\n\n\n<p><strong>Zmniejszenie \u015bladu w\u0119glowego:<\/strong> Proces produkcji papieru i tonera w drukarkach jest energoch\u0142onny. Mniej drukowania oznacza mniejsz\u0105 emisj\u0119 CO2, co przyczynia si\u0119 do walki z globalnym ociepleniem.<\/p>\n\n\n\n<p><strong>Ekonomiczne korzy\u015bci:<\/strong> Mniejsze zu\u017cycie papieru i tonera przek\u0142ada si\u0119 r\u00f3wnie\u017c na oszcz\u0119dno\u015bci finansowe. Koszty zwi\u0105zane z zakupem materia\u0142\u00f3w eksploatacyjnych i utrzymaniem drukarek s\u0105 znacz\u0105ce, zw\u0142aszcza w wi\u0119kszych firmach.<\/p>\n\n\n\n<p><strong>D\u0142u\u017csza \u017cywotno\u015b\u0107 sprz\u0119tu:<\/strong> Mniejsze obci\u0105\u017cenie drukarek oznacza, \u017ce urz\u0105dzenia te s\u0142u\u017c\u0105 nam d\u0142u\u017cej, co z kolei przek\u0142ada si\u0119 na mniejsze zu\u017cycie zasob\u00f3w potrzebnych do produkcji nowego sprz\u0119tu oraz na zmniejszenie ilo\u015bci odpad\u00f3w elektronicznych.<\/p>\n\n\n\n<p><strong>Poprawa jako\u015bci powietrza w biurze:<\/strong> Drukarki laserowe podczas pracy emituj\u0105 do otoczenia drobne cz\u0105steczki, kt\u00f3re mog\u0105 wp\u0142ywa\u0107 na jako\u015b\u0107 powietrza w pomieszczeniu. Ograniczaj\u0105c drukowanie, dbamy o zdrowie naszych pracownik\u00f3w.<\/p>\n\n\n\n<p>Wdra\u017caj\u0105c te zmiany w naszej firmie, nie tylko stajemy si\u0119 bardziej odpowiedzialni ekologicznie, ale r\u00f3wnie\u017c tworzymy zdrowsze i bardziej efektywne \u015brodowisko pracy. Wspieramy innowacje i nowoczesne rozwi\u0105zania, kt\u00f3re przynosz\u0105 korzy\u015bci zar\u00f3wno nam, jak i przysz\u0142ym pokoleniom. Mamy nadziej\u0119, \u017ce nasze dzia\u0142ania zainspiruj\u0105 tak\u017ce inne firmy do refleksji nad ich praktykami i do podj\u0119cia podobnych krok\u00f3w w kierunku bardziej zr\u00f3wnowa\u017conej przysz\u0142o\u015bci.<\/p>\n\n\n\n<p><\/p>\n\n\n\n<p><\/p>\n\n\n\n<p class=\"has-medium-font-size\"><strong>Wspomagamy dokumentacje w formie elektronicznej<\/strong><\/p>\n\n\n\n<p>W erze cyfrowej, gdzie technologia jest na wyci\u0105gni\u0119cie r\u0119ki, wyb\u00f3r elektronicznej dokumentacji staje si\u0119 nie tylko praktyczny, ale tak\u017ce niezb\u0119dny dla odpowiedzialnego podej\u015bcia do \u015brodowiska. D\u0105\u017cenie do minimalizacji zu\u017cycia papieru przez promowanie i wdra\u017canie cyfrowej dokumentacji to jeden z kluczowych element\u00f3w naszej strategii ekologicznej.<\/p>\n\n\n\n<p><strong>Zredukowane zu\u017cycie surowc\u00f3w:<\/strong> Jak wszyscy wiemy, produkcja papieru wi\u0105\u017ce si\u0119 z wycink\u0105 drzew i zu\u017cyciem wody. Elektroniczna dokumentacja eliminuje te potrzeby, przyczyniaj\u0105c si\u0119 do ochrony cennych zasob\u00f3w naturalnych.<\/p>\n\n\n\n<p><strong>Zmniejszenie koszt\u00f3w:<\/strong> Opr\u00f3cz korzy\u015bci ekologicznych, przechowywanie dokument\u00f3w w formie cyfrowej jest tak\u017ce ekonomicznie efektywne. Oszcz\u0119dza si\u0119 na zakupie papieru, tuszu oraz kosztach zwi\u0105zanych z przechowywaniem fizycznych dokument\u00f3w.<\/p>\n\n\n\n<p><strong>Szybki dost\u0119p i \u0142atwa archiwizacja:<\/strong> Dzi\u0119ki elektronicznej dokumentacji, informacje s\u0105 \u0142atwiej dost\u0119pne, mo\u017cna je szybko wyszukiwa\u0107 i archiwizowa\u0107 bez potrzeby przeszukiwania licznych segregator\u00f3w czy szafek.<\/p>\n\n\n\n<p><strong>Bezpiecze\u0144stwo danych:<\/strong> Cyfrowa forma przechowywania umo\u017cliwia \u0142atwe tworzenie kopii zapasowych, co zabezpiecza przed utrat\u0105 wa\u017cnych danych z powodu, na przyk\u0142ad, po\u017caru czy zalania.<\/p>\n\n\n\n<p><strong>Zmniejszenie \u015bladu w\u0119glowego: <\/strong>Opr\u00f3cz oszcz\u0119dzania drzew, mniej potrzebnych jest tak\u017ce \u015brodk\u00f3w transportu do dostarczania i przewo\u017cenia fizycznych dokument\u00f3w, co przek\u0142ada si\u0119 na mniejsze emisje CO2.<\/p>\n\n\n\n<p><strong>Wsparcie dla zdalnej pracy:<\/strong> W \u015bwiecie, gdzie zdalna praca staje si\u0119 coraz bardziej popularna, elektroniczna dokumentacja u\u0142atwia dost\u0119p do niezb\u0119dnych informacji z dowolnego miejsca na \u015bwiecie.<\/p>\n\n\n\n<p>Przyjmuj\u0105c i wspieraj\u0105c cyfrow\u0105 form\u0119 dokumentacji, nie tylko d\u0105\u017cymy do bycia bardziej ekologiczni, ale tak\u017ce dostosowujemy si\u0119 do wymaga\u0144 wsp\u00f3\u0142czesnego \u015bwiata. Chcemy, by nasi pracownicy oraz klienci do\u015bwiadczyli komfortu pracy z elektronicznymi dokumentami, jednocze\u015bnie wiedz\u0105c, \u017ce ka\u017cdy z nas ma wk\u0142ad w ochron\u0119 naszej planety. Wierzymy, \u017ce taka postawa przyniesie korzy\u015bci zar\u00f3wno dla ludzi, jak i dla \u015brodowiska.<\/p>\n\n\n\n<p><\/p>\n\n\n\n<p><\/p>\n\n\n\n<p><strong>Bierzemy udzia\u0142 w akcjach ekologicznych<\/strong> &#8211; zbieranie \u015bmieci<\/p>\n\n\n\n<p>Dzia\u0142ania prowadzone wewn\u0119trznie w firmie to jedno, ale prawdziwe zmiany wymagaj\u0105 zaanga\u017cowania poza murami biura. Z tego powodu aktywnie uczestniczymy w inicjatywach maj\u0105cych na celu popraw\u0119 stanu \u015brodowiska naturalnego, a jednym z g\u0142\u00f3wnych obszar\u00f3w naszej aktywno\u015bci jest zbieranie \u015bmieci w miejscach publicznych.<\/p>\n\n\n\n<p class=\"has-medium-font-size\"><strong>Dlaczego aktywnie anga\u017cujemy si\u0119 w akcje proekologiczne?<\/strong><\/p>\n\n\n\n<p><strong>Odpowiedzialno\u015b\u0107:<\/strong> Jako firma dzia\u0142aj\u0105ca w spo\u0142eczno\u015bci, czujemy si\u0119 odpowiedzialni za wp\u0142yw, jaki mamy na otaczaj\u0105ce nas \u015brodowisko. Zbieraj\u0105c \u015bmieci, aktywnie przyczyniamy si\u0119 do poprawy jako\u015bci \u017cycia w naszym regionie.<\/p>\n\n\n\n<p><strong>Edukacja i \u015bwiadomo\u015b\u0107:<\/strong> Nasze uczestnictwo w takich akcjach ma na celu nie tylko bezpo\u015brednie czyszczenie teren\u00f3w, ale r\u00f3wnie\u017c podnoszenie \u015bwiadomo\u015bci ekologicznej w\u015br\u00f3d pracownik\u00f3w, partner\u00f3w biznesowych i spo\u0142eczno\u015bci lokalnej.<\/p>\n\n\n\n<p><strong>Integracja i budowanie zespo\u0142u:<\/strong> Wsp\u00f3lne dzia\u0142ania na rzecz \u015brodowiska s\u0105 doskona\u0142\u0105 okazj\u0105 do integracji pracownik\u00f3w. Wsp\u00f3\u0142praca w takich akcjach pozwala lepiej si\u0119 pozna\u0107, zrozumie\u0107 i zbudowa\u0107 silniejsze wi\u0119zi w zespole.<\/p>\n\n\n\n<p><strong>Wp\u0142yw na pozytywny wizerunek firmy:<\/strong> Aktywne zaanga\u017cowanie w ochron\u0119 \u015brodowiska poprzez uczestnictwo w akcjach ekologicznych pozytywnie wp\u0142ywa na wizerunek naszej firmy, pokazuj\u0105c, \u017ce jeste\u015bmy odpowiedzialni i dbamy o dobro wsp\u00f3lne.<\/p>\n\n\n\n<p><strong>Zach\u0119ta dla innych:<\/strong> Dzia\u0142aj\u0105c pro-aktywnie, chcemy by\u0107 przyk\u0142adem dla innych firm i jednostek, zach\u0119caj\u0105c je do podobnych dzia\u0142a\u0144. Wierzymy, \u017ce wsp\u00f3lne dzia\u0142ania mog\u0105 przynie\u015b\u0107 znacz\u0105ce zmiany w ochronie naszej planety.<\/p>\n\n\n\n<p><\/p>\n\n\n\n<p>Podsumowuj\u0105c, nasza firma nie pozostaje oboj\u0119tna na problemy \u015brodowiskowe. Uwa\u017camy, \u017ce ka\u017cdy ma wk\u0142ad w dbanie o nasz\u0105 planet\u0119, dlatego staramy si\u0119 by\u0107 aktywni na r\u00f3\u017cnych p\u0142aszczyznach &#8211; od ekologicznych rozwi\u0105za\u0144 w biurze po dzia\u0142ania spo\u0142eczne na rzecz ochrony \u015brodowiska. Nasze zaanga\u017cowanie w akcje takie jak zbieranie \u015bmieci to dow\u00f3d na to, \u017ce nie zamykamy si\u0119 na wyzwania i stale poszukujemy sposob\u00f3w na to, aby czyni\u0107 \u015bwiat lepszym miejscem dla nas wszystkich.<\/p>\n","protected":false},"excerpt":{"rendered":"<p>Jeste\u015bmy EKO W dzisiejszych czasach dba\u0142o\u015b\u0107 o \u015brodowisko staje si\u0119 nie tylko mod\u0105, ale przede wszystkim konieczno\u015bci\u0105. Chcemy pokaza\u0107 Wam, jak nasza firma przyczynia si\u0119 do ochrony naszej planety, stawiaj\u0105c na ekologiczne rozwi\u0105zania w codziennych dzia\u0142aniach. Z dum\u0105 prezentujemy najwa\u017cniejsze z nich: Wsp\u00f3\u0142czesny \u015bwiat boryka si\u0119 z wieloma wyzwaniami zwi\u0105zanymi z nadprodukcj\u0105 odpad\u00f3w. Jednym z [&hellip;]<\/p>\n","protected":false},"author":1,"featured_media":0,"parent":0,"menu_order":0,"comment_status":"closed","ping_status":"closed","template":"","meta":[],"yoast_head":"<!-- This site is optimized with the Yoast SEO plugin v20.13 - https:\/\/yoast.com\/wordpress\/plugins\/seo\/ -->\n<title>- IntelliClass Software<\/title>\n<meta name=\"robots\" content=\"index, follow, max-snippet:-1, max-image-preview:large, max-video-preview:-1\" \/>\n<link rel=\"canonical\" href=\"https:\/\/www.intelliclass.pl\/?page_id=74198&lang=pl\" \/>\n<meta property=\"og:locale\" content=\"pl_PL\" \/>\n<meta property=\"og:type\" content=\"article\" \/>\n<meta property=\"og:title\" content=\"- IntelliClass Software\" \/>\n<meta property=\"og:description\" content=\"Jeste\u015bmy EKO W dzisiejszych czasach dba\u0142o\u015b\u0107 o \u015brodowisko staje si\u0119 nie tylko mod\u0105, ale przede wszystkim konieczno\u015bci\u0105. Chcemy pokaza\u0107 Wam, jak nasza firma przyczynia si\u0119 do ochrony naszej planety, stawiaj\u0105c na ekologiczne rozwi\u0105zania w codziennych dzia\u0142aniach. Z dum\u0105 prezentujemy najwa\u017cniejsze z nich: Wsp\u00f3\u0142czesny \u015bwiat boryka si\u0119 z wieloma wyzwaniami zwi\u0105zanymi z nadprodukcj\u0105 odpad\u00f3w. Jednym z [&hellip;]\" \/>\n<meta property=\"og:url\" content=\"https:\/\/www.intelliclass.pl\/?page_id=74198&amp;lang=pl\" \/>\n<meta property=\"og:site_name\" content=\"IntelliClass Software\" \/>\n<meta property=\"article:modified_time\" content=\"2023-10-04T09:18:21+00:00\" \/>\n<meta name=\"twitter:card\" content=\"summary_large_image\" \/>\n<meta name=\"twitter:label1\" content=\"Szacowany czas czytania\" \/>\n\t<meta name=\"twitter:data1\" content=\"9 minut\" \/>\n<script type=\"application\/ld+json\" class=\"yoast-schema-graph\">{\"@context\":\"https:\/\/schema.org\",\"@graph\":[{\"@type\":\"WebPage\",\"@id\":\"https:\/\/www.intelliclass.pl\/?page_id=74198&lang=pl\",\"url\":\"https:\/\/www.intelliclass.pl\/?page_id=74198&lang=pl\",\"name\":\"- IntelliClass Software\",\"isPartOf\":{\"@id\":\"https:\/\/www.intelliclass.pl\/#website\"},\"datePublished\":\"2023-08-28T10:38:48+00:00\",\"dateModified\":\"2023-10-04T09:18:21+00:00\",\"inLanguage\":\"pl-PL\",\"potentialAction\":[{\"@type\":\"ReadAction\",\"target\":[\"https:\/\/www.intelliclass.pl\/?page_id=74198&lang=pl\"]}]},{\"@type\":\"WebSite\",\"@id\":\"https:\/\/www.intelliclass.pl\/#website\",\"url\":\"https:\/\/www.intelliclass.pl\/\",\"name\":\"IntelliClass Software\",\"description\":\"IntelliClass Software solution\",\"publisher\":{\"@id\":\"https:\/\/www.intelliclass.pl\/#organization\"},\"potentialAction\":[{\"@type\":\"SearchAction\",\"target\":{\"@type\":\"EntryPoint\",\"urlTemplate\":\"https:\/\/www.intelliclass.pl\/?s={search_term_string}\"},\"query-input\":\"required name=search_term_string\"}],\"inLanguage\":\"pl-PL\"},{\"@type\":\"Organization\",\"@id\":\"https:\/\/www.intelliclass.pl\/#organization\",\"name\":\"IntelliClass Software\",\"url\":\"https:\/\/www.intelliclass.pl\/\",\"logo\":{\"@type\":\"ImageObject\",\"inLanguage\":\"pl-PL\",\"@id\":\"https:\/\/www.intelliclass.pl\/#\/schema\/logo\/image\/\",\"url\":\"https:\/\/www.intelliclass.pl\/wp-content\/uploads\/2023\/08\/logo2.png\",\"contentUrl\":\"https:\/\/www.intelliclass.pl\/wp-content\/uploads\/2023\/08\/logo2.png\",\"width\":527,\"height\":132,\"caption\":\"IntelliClass Software\"},\"image\":{\"@id\":\"https:\/\/www.intelliclass.pl\/#\/schema\/logo\/image\/\"}}]}<\/script>\n<!-- \/ Yoast SEO plugin. -->","yoast_head_json":{"title":"- IntelliClass Software","robots":{"index":"index","follow":"follow","max-snippet":"max-snippet:-1","max-image-preview":"max-image-preview:large","max-video-preview":"max-video-preview:-1"},"canonical":"https:\/\/www.intelliclass.pl\/?page_id=74198&lang=pl","og_locale":"pl_PL","og_type":"article","og_title":"- IntelliClass Software","og_description":"Jeste\u015bmy EKO W dzisiejszych czasach dba\u0142o\u015b\u0107 o \u015brodowisko staje si\u0119 nie tylko mod\u0105, ale przede wszystkim konieczno\u015bci\u0105. Chcemy pokaza\u0107 Wam, jak nasza firma przyczynia si\u0119 do ochrony naszej planety, stawiaj\u0105c na ekologiczne rozwi\u0105zania w codziennych dzia\u0142aniach. Z dum\u0105 prezentujemy najwa\u017cniejsze z nich: Wsp\u00f3\u0142czesny \u015bwiat boryka si\u0119 z wieloma wyzwaniami zwi\u0105zanymi z nadprodukcj\u0105 odpad\u00f3w. Jednym z [&hellip;]","og_url":"https:\/\/www.intelliclass.pl\/?page_id=74198&lang=pl","og_site_name":"IntelliClass Software","article_modified_time":"2023-10-04T09:18:21+00:00","twitter_card":"summary_large_image","twitter_misc":{"Szacowany czas czytania":"9 minut"},"schema":{"@context":"https:\/\/schema.org","@graph":[{"@type":"WebPage","@id":"https:\/\/www.intelliclass.pl\/?page_id=74198&lang=pl","url":"https:\/\/www.intelliclass.pl\/?page_id=74198&lang=pl","name":"- IntelliClass Software","isPartOf":{"@id":"https:\/\/www.intelliclass.pl\/#website"},"datePublished":"2023-08-28T10:38:48+00:00","dateModified":"2023-10-04T09:18:21+00:00","inLanguage":"pl-PL","potentialAction":[{"@type":"ReadAction","target":["https:\/\/www.intelliclass.pl\/?page_id=74198&lang=pl"]}]},{"@type":"WebSite","@id":"https:\/\/www.intelliclass.pl\/#website","url":"https:\/\/www.intelliclass.pl\/","name":"IntelliClass Software","description":"IntelliClass Software solution","publisher":{"@id":"https:\/\/www.intelliclass.pl\/#organization"},"potentialAction":[{"@type":"SearchAction","target":{"@type":"EntryPoint","urlTemplate":"https:\/\/www.intelliclass.pl\/?s={search_term_string}"},"query-input":"required name=search_term_string"}],"inLanguage":"pl-PL"},{"@type":"Organization","@id":"https:\/\/www.intelliclass.pl\/#organization","name":"IntelliClass Software","url":"https:\/\/www.intelliclass.pl\/","logo":{"@type":"ImageObject","inLanguage":"pl-PL","@id":"https:\/\/www.intelliclass.pl\/#\/schema\/logo\/image\/","url":"https:\/\/www.intelliclass.pl\/wp-content\/uploads\/2023\/08\/logo2.png","contentUrl":"https:\/\/www.intelliclass.pl\/wp-content\/uploads\/2023\/08\/logo2.png","width":527,"height":132,"caption":"IntelliClass Software"},"image":{"@id":"https:\/\/www.intelliclass.pl\/#\/schema\/logo\/image\/"}}]}},"_links":{"self":[{"href":"https:\/\/www.intelliclass.pl\/index.php?rest_route=\/wp\/v2\/pages\/74198"}],"collection":[{"href":"https:\/\/www.intelliclass.pl\/index.php?rest_route=\/wp\/v2\/pages"}],"about":[{"href":"https:\/\/www.intelliclass.pl\/index.php?rest_route=\/wp\/v2\/types\/page"}],"author":[{"embeddable":true,"href":"https:\/\/www.intelliclass.pl\/index.php?rest_route=\/wp\/v2\/users\/1"}],"replies":[{"embeddable":true,"href":"https:\/\/www.intelliclass.pl\/index.php?rest_route=%2Fwp%2Fv2%2Fcomments&post=74198"}],"version-history":[{"count":48,"href":"https:\/\/www.intelliclass.pl\/index.php?rest_route=\/wp\/v2\/pages\/74198\/revisions"}],"predecessor-version":[{"id":74370,"href":"https:\/\/www.intelliclass.pl\/index.php?rest_route=\/wp\/v2\/pages\/74198\/revisions\/74370"}],"wp:attachment":[{"href":"https:\/\/www.intelliclass.pl\/index.php?rest_route=%2Fwp%2Fv2%2Fmedia&parent=74198"}],"curies":[{"name":"wp","href":"https:\/\/api.w.org\/{rel}","templated":true}]}}